 of c and 9.
9
Suppose -15*a + 17*a - 42 = 0. Calculate the greatest common divisor of a and 147.
21
Let f = 10 + -8. Suppose 0 = f*h + 2, h + 33 = 4*u + 4*h. Let d be 338/3 + (-6)/u. What is the greatest common divisor of d and 16?
16
Suppose -4*c = -3*c. Suppose 160 = -c*f + 5*f. What is the greatest common divisor of f and 48?
16
Let u be (132/10)/((-3)/(-60)). Let r(y) = 163*y. Let c be r(1). Suppose 4*z + o = c, -2*o - 64 + u = 5*z. Calculate the highest common divisor of z and 14.
14
Suppose -3*l + 8*y = 3*y - 37, 55 = 4*l - y. Suppose 3*r = 2*q - r - 74, 5*r = -2*q + 65. Calculate the greatest common factor of q and l.
7
Let j = -10 + 17. Suppose 0*g - j = -g. Calculate the highest common divisor of g and 1.
1
Let c = 2 - 1. Suppose 3*u = 3*t + 2*t - 5, 0 = t + 5*u - c. Let q = 15 - 6. Calculate the highest common divisor of q and t.
1
Suppose -4*o + 187 = -213. Calculate the highest common divisor of o and 10.
10
Let n = 99 + -86. Calculate the highest common factor of 104 and n.
13
Suppose 3*y = -4*y + 280. What is the greatest common factor of y and 100?
20
Suppose 0 = -2*o + 6 + 18. Suppose -2*q - 46 = -3*u - 4*q, 4*u - 33 = 3*q. Calculate the highest common divisor of u and o.
12
Let d be (65 - 1) + -1 + 1. Let f(c) = -c**3 - c**2 + 4*c + 2. Let y be ((-1)/(-2)*12)/(-2). Let l be f(y). What is the greatest common divisor of d and l?
8
Suppose -a - 6 = -20. Let x = 67 + -46. What is the greatest common divisor of a and x?
7
Suppose -744 = -5*a - 24. Let z(w) = -w**2 - w + 27. Let v be z(0). Let b = 45 - v. What is the greatest common factor of b and a?
18
Let m = 41 - -10. What is the greatest common factor of m and 17?
17
Suppose 0*m - 4*m + 12 = 0. Let v be (-1)/(-3)*(m - -9). What is the highest common divisor of 1 and v?
1
Let u be (4/6)/(2/15). Suppose 2*n = 4*i + 40, -5*i + u = 3*n - 0. Let x be 44/3 + 1/3. What is the highest common divisor of n and x?
5
Let m = -35 - -58. Calculate the greatest common divisor of 115 and m.
23
Suppose 2*a = 4*d - 12, -2*d = -6*d + 4*a + 4. Suppose -i = 1, -d*i = -2*t - i + 24. Calculate the greatest common divisor of 15 and t.
5
Let x(r) = r**3 + 8*r**2 - 9*r + 2. Let q be x(-9). Suppose 2*m + q*j = 4*j + 20, -j = 5*m - 26. What is the highest common divisor of 4 and m?
2
Suppose -5*s + 81 = 2*z, 4*z + 3*s = 225 - 84. What is the greatest common factor of 22 and z?
11
Let g(k) be the second derivative of -k**5/20 + k**4/2 - k**3/2 + k**2 - 4*k. Let j be g(5). Let x = j + 4. What is the greatest common divisor of x and 112?
16
Let x(k) = -k**3 - 8*k**2 + 6*k + 5. Let t be x(-6). Let c = t - -273. Let p(r) = -4*r + 1. Let f be p(-4). What is the highest common divisor of c and f?
17
Let l be -2 - 1*15/(-3). Suppose -7 = -l*g - 4*n, 2*g - 34 = g + 5*n. What is the highest common factor of g and 3?
3
Let q(r) = 3*r + 1. Let z be q(4). Suppose o + 4*o = 4*s + 57, 0 = 3*o - 3*s - 33. Calculate the highest common factor of z and o.
13
Let j(k) = k**2 + 3*k - 8. Let z be j(-6). Suppose 5*c = -t - z - 0, 0 = -c - 4. Calculate the highest common factor of t and 2.
2
Let v be (-4)/(-18) - (-25)/9. Suppose -v*o + 48 = f + 3, 4*o + 4*f = 52. Let s(u) = 2*u - 2. Let h be s(3). What is the greatest common factor of o and h?
4
Let g(t) = 10*t - 2. Let w be g(3). Let m(p) = 4*p**3 + p**2 + 3*p. Let c be m(2). What is the highest common divisor of w and c?
14
Let c be -90*((-40)/15)/8. Calculate the highest common factor of 45 and c.
15
Let j(c) = -4*c**2. Let o be j(-1). Let g = o + 9. What is the highest common factor of 25 and g?
5
Let n(f) = 17*f**3 - f**2 + f - 1. Let g be n(1). Calculate the highest common divisor of 80 and g.
16
Suppose -5*t + 4 = -4*t. Suppose i - 3 = 2*o, 3*i + 0*o - 15 = 4*o. Let m be (i/6)/((-6)/(-16)). Calculate the greatest common divisor of m and t.
4
Let y be -9*(-1)/2*2. Suppose -a - y = -49. What is the highest common divisor of a and 16?
8
Let y be (-5 - 0)*21 + 0. Let h be 2/(-4) - y/6. What is the highest common factor of 119 and h?
17
Suppose -1 = -2*c - c - 4*h, -2*h = 5*c - 11. Suppose 0 = -3*x + m + 46, -3*x = c*m + m - 56. Calculate the greatest common divisor of 8 and x.
8
Suppose 1 = 5*a - 9. Let p be ((-40)/(-3))/(a/9). Suppose 0 = 2*n + 22 - p. What is the greatest common factor of n and 209?
19
Suppose -k + 0*k = -60. What is the greatest common divisor of 12 and k?
12
Suppose 0*u + 20 = 4*u. Suppose 2*k = u*k - 30. Let h = 184 - 94. What is the highest common factor of k and h?
10
Let y be 6/(-9)*(-54)/3. Suppose 1 = -i - 0*i + 5*z, -4*z + y = 2*i. Let a = 1 + 7. Calculate the highest common factor of i and a.
4
Let m = 5 + 0. Let k be 0 + -3 + (20 - m). Let p(o) = o**2 + 2*o. Let l be p(-4). What is the greatest common divisor of l and k?
4
Let v(x) = 3*x - 12. Let l = -11 + 18. Let u be v(l). Let h(a) = -2*a + 1. Let m be h(-4). What is the greatest common divisor of u and m?
9
Let l(p) = -13*p - 9*p - 3 + 20*p. Let x be l(-4). What is the highest common divisor of x and 45?
5
Let u be ((-30)/(-4))/(4/(-16)). Let v = u + 51. Calculate the greatest common factor of v and 14.
7
Let s = -120 + 124. Calculate the highest common factor of 10 and s.
2
Let f be (-7 - -1)/((-9)/210). What is the highest common factor of 14 and f?
14
Let c be (16/5 - 0)*10. What is the greatest common divisor of 8 and c?
8
Let b(v) = 6*v**2 - 3*v + 4. Let q be b(4). Calculate the greatest common factor of 11 and q.
11
Suppose 0 = -4*x + x + 15. Let u(k) = -k**3 + 3*k**2 + 3*k + 1. Let g be u(3). Let b = g - -25. What is the highest common divisor of x and b?
5
Suppose -5*g = 5*x, -4*x = 2*g + g - 2. Let y be x/(-7) + (-550)/(-14). Calculate the highest common divisor of y and 26.
13
Suppose -5*g = -4*j + 155, 2*j + 5*g = -j + 125. What is the highest common divisor of j and 16?
8
Let a be (-4)/(-34) + (-98)/(-34). What is the highest common divisor of a and 39?
3
Let g be (-82)/(-6) - 2/3. Suppose 0 = -4*a - 1 + g. Suppose -5*q = 2*u + 4, -3*u - a*q + 2 = -10. What is the highest common divisor of 4 and u?
4
Suppose -q + 20 = -0*q. Let j = -24 - -22. Let o be (1 + j)*(-141 + 1). Calculate the greatest common factor of q and o.
20
Let f = -418 + 426. Let c(j) = j + 8. Let n be c(-6). What is the highest common factor of n and f?
2
Suppose 3*s - 6 = -f, -8*f - 5*s = -5*f - 14. Suppose 0 = f*m - 0*m - 27. Calculate the greatest common factor of 9 and m.
9
Suppose 2*q + 0 = -8. Let n = 7 - q. What is the highest common divisor of n and 22?
11
Suppose 0 = 2*r - 3*r + 2. Let b be (3 - r)*6 + -2. Suppose 0 = -5*q - l + 169, 2*q - 84 = -b*l - 20. Calculate the highest common factor of q and 17.
17
Let c = -54 + 56. Let w = -20 - -34. What is the greatest common factor of c and w?
2
Let v = 0 + 9. Let d(n) = -n**2 - 14*n - 4. Let o be d(-13). Calculate the greatest common factor of o and v.
9
Let k(t) = t + 1. Let a be k(-1). Suppose 5*j + 3*o = 14 - a, -2*o + 7 = j. Let l be ((-14)/(-3))/(j/3). Calculate the greatest common divisor of l and 126.
14
Suppose 3*i + 2 - 23 = 0. Suppose 2*q = 3 + i. Calculate the highest common divisor of 10 and q.
5
Suppose n = -1, -5*n - 24 = -4*h + 333. Calculate the greatest common divisor of 11 and h.
11
Suppose 8 = 4*m - 568. Calculate the highest common factor of 16 and m.
16
Let c(m) = -16*m - 4. Let w be c(-1). Calculate the highest common divisor of 12 and w.
12
Let d be 1 - 1/(3/(-3)). Let n be (3/1 - -74)*d. Calculate the highest common factor of n and 14.
14
Suppose -2*a = 3*a - 15. What is the highest common divisor of 3 and a?
3
Suppose 2*c + 13 = 3*s, 9*s - 4*s - 19 = 2*c. Let t be 6/(-18) - 7/(-3). Let l = s + t. Calculate the highest common divisor of 25 and l.
5
Let w(j) = -j**2 + 9*j + 20. Let u be w(9). What is the greatest common divisor of u and 5?
5
Suppose -4*r + 2*r = -748. Let c(u) = u**2 + u + 3. Let v be c(0). Suppose -v*f = -f - r. What is the greatest common divisor of f and 17?
17
Suppose -2*x - x + 54 = 0. Calculate the greatest common factor of 6 and x.
6
Let f(c) = 18*c**3 - 2*c + 2. Suppose -4*h + 4 = 2*z, 0 = -0*z - 2*z. Let q be f(h). Calculate the highest common factor of q and 2.
2
Let h(l) = -6*l**3 - l**2 + l - 6. Let i be h(-3). Calculate the highest common factor of 16 and i.
16
Suppose 0 = 2*u - 8, z + 3*u + 2*u = 17